NOAA-Style Climate Reports

Select a Year or Month report
2022: Jan Feb Mar Apr May Jun Jul Aug Sep Oct Nov Dec
2021: Jan Feb Mar Apr May Jun Jul Aug Sep Oct Nov Dec
2020: Jan Feb Mar Apr May Jun Jul Aug Sep Oct Nov Dec
2019: Jan Feb Mar Apr May Jun Jul Aug Sep Oct Nov Dec
2018: Jan Feb Mar Apr May Jun Jul Aug Sep Oct Nov Dec
2017: Jan Feb Mar Apr May Jun Jul Aug Sep Oct Nov Dec
2016: Jan Feb Mar Apr May Jun Jul Aug Sep Oct Nov Dec
2015: Jan Feb Mar Apr May Jun Jul Aug Sep Oct Nov Dec

Report for 2022 January
                  MONTHLY CLIMATOLOGICAL SUMMARY FOR 1/2022
                                        HEAT  COOL        
     MEAN                               DEG   DEG       WIND SPEED       DOM MEAN  MEAN
DAY  TEMP  HIGH   TIME     LOW   TIME   DAYS  DAYS RAIN AVG  HI  TIME    DIR BAROM HUM
---------------------------------------------------------------------------------------
1    22.6  29.9  12:00am  18.6  11:25pm   42    0  0.00   5  17   4:00am NNW 30.01   82
2    17.0  21.2   7:58pm  13.7   9:07am   48    0  0.00   3  13  12:28am   N 30.20   75
3    23.1  29.3  10:24pm  18.7  12:00am   42    0  0.00   2  18  10:52am   S 30.23   76
4    28.9  32.9   2:34pm  25.9   7:28am   36    0  0.00   2  17  12:09am  SE 30.00   80
5    24.9  30.6  11:08am  14.5  11:57pm   40    0  0.00   2  12  11:56am NNE 29.53   88
6    10.6  14.5  12:00am   8.7   8:43am   54    0  0.00   3  11   8:17am NNE 30.01   87
7     7.6  13.5   3:05pm   2.6  10:39pm   57    0  0.00   3  15   8:38am   N 30.28   86
8    18.6  27.0  11:53pm   4.1  12:03am   46    0  0.00   4  20   6:42am SSE 30.21   71
9    22.0  29.6   3:46am  13.4   9:49pm   43    0  0.00   4  27   2:08pm  SW 30.03   80
10   11.4  14.2  12:47am   7.8  11:59pm   54    0  0.00   5  21  12:45am NNW 30.33   80
11   14.2  28.0  11:54pm   6.7   3:32am   51    0  0.00   4  17   7:06pm SSE 30.24   79
12   25.4  28.3   6:04am  21.1  11:49pm   40    0  0.00   3  16   1:56am NNW 29.96   82
13   23.0  29.3   7:09pm  18.0   7:32am   42    0  0.00   3  22   8:21pm   S 30.03   80
14    6.6  18.6  12:00am   2.8   9:40am   58    0  0.00   5  22  11:10am  NE 30.47   85
15    5.8  12.1   2:50pm  -0.9  10:53pm   59    0  0.00   3  22   2:22am  SE 30.59   83
16   12.9  24.4   2:21pm   0.7   7:39am   52    0  0.00   4  18  11:52am SSE 30.05   78
17   24.4  27.9   3:48pm  19.3  12:00am   41    0  0.00   3  15   6:21pm NNW 29.73   84
18   22.3  30.5  11:54pm  17.7   8:05am   43    0  0.00   3  17   6:36pm SSE 29.87   84
19   28.4  34.4   3:00am  20.1   1:58pm   21    0  0.00   4  25   8:46am  NW 29.64   87
---------------------------------------------------------------------------------------
TOT  18.2  34.4  1/19/22  -0.9  1/15/22  869    0  0.00   3  27   1/9/22 NNW 30.08   81

HEAT BASE: 65.0
COOL BASE: 65.0