NOAA-Style Climate Reports

Select a Year or Month report
2018: Jan Feb Mar Apr May Jun Jul Aug Sep Oct Nov Dec
2017: Jan Feb Mar Apr May Jun Jul Aug Sep Oct Nov Dec
2016: Jan Feb Mar Apr May Jun Jul Aug Sep Oct Nov Dec
2015: Jan Feb Mar Apr May Jun Jul Aug Sep Oct Nov Dec

Report for 2018 June
                  MONTHLY CLIMATOLOGICAL SUMMARY FOR 6/2018
                                        HEAT  COOL        
     MEAN                               DEG   DEG       WIND SPEED       DOM MEAN  MEAN
DAY  TEMP  HIGH   TIME     LOW   TIME   DAYS  DAYS RAIN AVG  HI  TIME    DIR BAROM HUM
---------------------------------------------------------------------------------------
1    54.3  58.8   6:51pm  51.1   9:42am   11    0  0.00   0   8   9:04pm   N 29.88   91
2    54.2  65.5   6:18pm  46.7   3:35am   11    0  0.00   1  12   5:15pm ENE 30.03   70
3    52.4  57.8   4:05pm  48.8  12:50am   13    0  0.09   0   7  11:36pm ESE 29.74   91
4    55.5  62.4   4:44pm  50.9   6:59am    9    0  0.01   2  13  10:25am   N 29.71   83
5    53.5  61.4   4:40pm  47.2   5:39am   12    0  0.00   1  12  12:00am   N 29.81   80
6    52.4  61.6   2:58pm  41.1   6:03am   13    0  0.00   0   6  11:16am   N 29.91   84
7    58.0  69.8   2:43pm  49.0   6:20am    7    0  0.00   1   8   3:01pm   N 29.97   83
8    57.1  68.9   5:09pm  47.6   5:07am    8    0  0.00   1   8   6:25pm ENE 30.17   79
9    58.8  67.0   6:46pm  53.4   6:45am    6    0  0.00   1   8   3:45pm ENE 30.11   77
10   59.3  72.0   5:33pm  49.6   4:38am    7    1  0.00   1  11   3:44pm ENE 30.03   67
11   58.5  68.4   5:44pm  51.4   6:06am    7    0  0.00   1   9   4:31pm ENE 30.03   67
12   57.1  62.9  12:25pm  52.3   2:37am    8    0  0.00   1   7   1:34pm ENE 29.91   77
13   61.1  69.3   4:41pm  55.1  12:00am    4    0  0.25   1  18  12:51pm   N 29.74   86
14   61.8  74.4   4:02pm  50.8   5:43am    5    2  0.00   1   9   1:28am  NE 29.96   75
15   62.4  74.9   3:31pm  50.5   5:15am    4    2  0.00   1   8   5:19pm ENE 29.98   72
16   63.6  68.4  11:42am  58.6   6:39am    2    1  0.00   0   5  12:01am   N 29.90   81
17   67.8  93.2   4:03pm  59.7  10:32am    1    4  0.02   0  12   3:34pm  NE 29.85   87
18   66.8  68.8   5:31am  64.7  12:00am    0    1  0.14   0   7   5:07am   S 29.77   97
---------------------------------------------------------------------------------------
TOT  58.2  93.2  6/17/18  41.1   6/6/18  128   11  0.51   1  18  6/13/18 ENE 29.92   80

HEAT BASE: 65.0
COOL BASE: 65.0